Let o(a) = -2*a**3 - 5*a**2 - a - 2 + a. Let q(s) = -5 + 2 + 27*s**3 - s - 28*s**3 + 2. Let k(i) = -o(i) + 3*q(i). What is k(4)?
3
Let h be -5*(-1 - 0)/1. Suppose -h*c - 3 = 27. Let d(y) be the third derivative of -y**6/120 - y**5/12 + 7*y**4/24 - y**3/6 + 228*y**2. Determine d(c).
-7
Let u be -8*1/(-12)*-3. Let d(g) = -7*g - 3. Determine d(u).
11
Suppose -4*c + 7*c + 33 = 0. Let j(b) = 2*b + 29. Let d be j(c). Let r(k) = -3*k + 7. What is r(d)?
-14
Let o(r) = -3*r + 3*r - r + 103 - 42 - 58 + 2*r**2. Let n(b) = -b**2 - 7*b - 7. Let i be n(-5). Give o(i).
18
Let q(f) = -f - 2. Let j(b) = 3*b + 5. Let v be 1 - (21/28)/(1/4). Let y(n) = v*j(n) - 7*q(n). What is y(-5)?
-1
Let f(n) = n**3 + n**2 - n - 1. Suppose 4*m - 10 = 2*h, 0 = 5*m - 2*m + 4*h + 20. Determine f(m).
-1
Let y be -5*1*-1 + -1 + 3. Let h(m) = m**2 - 21*m + 14. Let j(s) = 2*s**2 - 44*s + 29. Let x(r) = 13*h(r) - 6*j(r). Determine x(y).
-6
Let v(a) be the third derivative of 11*a**4/24 + 5*a**3/3 + 410*a**2. Give v(-6).
-56
Let t(s) = 3*s + 39. Let u be -2 + (-144)/11 + 7/77. Give t(u).
-6
Let x(i) be the first derivative of i**3/3 + 5*i**2/2 - 6*i - 25. What is x(-5)?
-6
Let i(t) = t - 1. Suppose 0 = -5*u - 25, 4*u = 3*x - 18 - 89. Let g be (5/(-10))/((-2)/(-92)). Let p = x + g. Determine i(p).
5
Let o(d) = d**2 - 4*d. Let r(f) = -1. Let y(s) = o(s) - 2*r(s). Let v = -4493 - -4497. Determine y(v).
2
Let a(h) = h**2 + 5*h - 3. Let v be a(-5). Let g(r) = r**2 + 4*r - 2. Let m be g(v). Let w(u) = -u - 3. Give w(m).
2
Suppose -5*o = 5*z + 20, -o + 6 = -38*z + 34*z. Let j(n) = -n**3 - n**2 - n - 4. Determine j(z).
2
Let l(h) = 2*h**3 - 9*h**2 - 6*h - 4. Let q(g) = -4*g**3 + 19*g**2 + 13*g + 9. Let j(n) = 13*l(n) + 6*q(n). Let p be j(2). Let f(o) = 2*o - 5. Calculate f(p).
7
Let c(w) = w**2 - 2*w - 3. Let s be 52/65 - 4/5. Suppose s*x = -4*x + 12. Give c(x).
0
Let m(u) = 2*u**2 - 3*u + 3. Suppose -r = 5, 4*i + r - 5 = 2. Calculate m(i).
12
Let k be -80*(-2 + 3) - 0. Let g be k/(-12) + (-4)/6. Let r be ((-3)/(-6))/(1/g). Let a(u) = 4*u - 2. Give a(r).
10
Let i(g) = -g**3 + 8*g**2 - 7*g + 7. Let r(z) = -z**2 + 6*z - 2. Let j be r(3). What is i(j)?
7
Let k(s) = s**3 - 7*s**2 + 8*s - 7. Let z = 25 - 20. Calculate k(z).
-17
Let w(z) = z**2 + 6*z + 3. Let s = -12 - -8. Let o(t) = t - 3. Let i be o(s). Determine w(i).
10
Let n be ((-4)/(-1) - 1)/((-6)/(-102)). Let l(k) = n + 50 - 150 - 2*k + 53. Suppose s - 4 = 5*m + 4, 0 = s - 4*m - 7. Determine l(s).
-2
Let i(x) = -11*x - 17*x + 6 - 15*x + x**2 + 42*x. Let u(g) = g - 2. Let b be u(2). Suppose b = -2*q + q. Give i(q).
6
Let j(b) = -2*b**3 + b**2 + 7*b + 5. Let v(z) = z**3 - z**2 - 3*z - 2. Suppose -4*c = x + 12, c - 5*x - 6 = 12. Let h(a) = c*j(a) - 5*v(a). Give h(4).
-12
Let n(h) = -h**2 + 8*h + 8. Let o = -90 + 180. Let c = o - 81. Determine n(c).
-1
Suppose -4*j + 42 = -2*u + 12, 5*j + u = 27. Let s(m) = m**3 - 8*m**2 - m - 6. Calculate s(j).
-84
Suppose 5*t - t - 5*p + 17 = 0, 3*t = 3*p - 12. Let h(l) = -l**3 - 7*l**2 - 2*l + 2. What is h(t)?
-28
Let q = -1 + 0. Suppose 0 = -5*b - 3*v - 0*v + 34, -b = 4*v. Let k(a) = 1 + b*a**3 - 3 + a**2 - 2 + 3. Calculate k(q).
-8
Suppose -1 = -2*g + 5. Let f(t) = -4*t**2 + 5*t - 1. Let q be (-26)/(-6) - (-2)/3. Let c(j) = -7*j**2 + 10*j - 3. Let h(w) = q*f(w) - 3*c(w). Give h(g).
-2
Let s(q) = q**2 - q - 1. Suppose -4 = 2*v - 4. Let j be s(v). Let y(m) = 11*m - 1. What is y(j)?
-12
Suppose 3*h - j + 221 = 67, 207 = -4*h + j. Let y = 54 + h. Let u(l) = -16*l**2 + l - 1. Determine u(y).
-16
Suppose -4*m + 4 = -0. Let i(x) = x**3 - 3*x - 1. Let d(s) = -10*s**3 - s**2 + 13*s + 4. Let l(n) = -d(n) - 4*i(n). What is l(m)?
6
Let d(p) = -7*p**3 - 8*p**2 + 10*p - 12. Let t(i) = 19*i**3 + 24*i**2 - 29*i + 35. Let n(b) = 11*d(b) + 4*t(b). What is n(7)?
15
Let r(p) = p**2 - p. Let h(x) = -4*x**2 + 8*x. Let j(m) = -h(m) - 5*r(m). Give j(-4).
-4
Let j(t) = 7*t**2 + 2*t - 1. Suppose 0 = -z + 2*z - 2. Let y be 6/12 + z/4. Determine j(y).
8
Let r(l) = l**3 + 4*l**2 + l + 1. Suppose -4*m - 51 = 2*x + m, 2*x + 60 = 4*m. Let z = -30 - x. Let k be -1 - (2 - (z + 1)). What is r(k)?
-3
Let j(d) be the third derivative of d**6/720 + d**5/30 + 49*d**4/24 - 20*d**2. Let t(b) be the second derivative of j(b). What is t(-2)?
2
Let x(s) = s**2 + 13*s - 5. Let o be x(-13). Let d(u) = u**3 + 4*u**2 - 7. What is d(o)?
-32
Let n(l) = 29*l + 1. Let k(r) = -42*r. Let x(a) = -2*k(a) - 3*n(a). Let y = -8 + 11. Determine x(y).
-12
Suppose 5*i - 12 = 3. Let d(b) = -b + 3*b**i - 6*b**2 - 4*b**3 + 7 - 6. What is d(-5)?
-19
Let p(n) = -5*n**3 - 2*n**2 - 10*n - 7. Let y(j) = 3*j**3 - j**2 + j + 1. Let f(u) = p(u) + 2*y(u). Calculate f(6).
19
Let p(u) = u. Let g(y) = -2*y - 5. Let t(x) = -g(x) - 3*p(x). Give t(-7).
12
Suppose 12*h - 7*h = 0. Let y be 4*(h + (-38)/(-8)). Let z = -13 + y. Let k(n) = -n**3 + 7*n**2 - 6*n - 7. What is k(z)?
-7
Let p(u) = u - 7. Let f(j) = 35*j - 7. Let d be f(2). Let y = d + -59. Calculate p(y).
-3
Let u(d) = d**3 + 2*d**2 + d - 1. Let y(p) = -2*p**3 + 5*p**2 + 5*p - 3. Let g(f) = 3*u(f) + y(f). Calculate g(-10).
14
Let q(p) = p**2 + 2*p - 3. Let f be (0 - -5) + (6 - 8). Let s(n) = 2*n**2 - 4*n + 2. Let m be s(2). Suppose l - o - o = f, m*o - 2 = 2*l. What is q(l)?
12
Let j(n) = -6*n + 1 - 4*n**2 + n**2 + 2*n**2. Let k = -3756 - -3752. What is j(k)?
9
Let g(q) = -q**2 - 4*q + 3. Let o be g(-4). Let v(i) = -i**3 + 2*i**o + 3*i + 2*i**2 - 4*i**2. Suppose -10*c + 8*c = -4. Calculate v(c).
6
Suppose 3038 = 39*a - 32*a. Let t(w) = -213 - 216 + a + w. Calculate t(-4).
1
Let i(b) = -b**3 - 34*b**2 + 32*b - 103. Let z be i(-35). Let d(t) be the third derivative of 0*t + 1/60*t**5 + 1/2*t**3 + 0 - 7/24*t**4 + 4*t**z. What is d(5)?
-7
Suppose 17*y - 19*y = 2. Let v be 14/10 - 4/10. Let b(g) = -g - 7*g**2 + 2*g - 2*g - v. Give b(y).
-7
Let v(i) = i**3 - 8*i**2 + 8*i + 1. Suppose -3*w - 2*w = -c + 17, 4*c - 2*w - 32 = 0. What is v(c)?
8
Let t(r) = -37*r + 306. Let b be t(8). Let n(z) = -z**3 + 9*z**2 + 9*z + 3. Calculate n(b).
-7
Let n(p) = p**2. Let g(k) = 2*k**2. Let b(d) = -4*g(d) + 9*n(d). Suppose -18 = 17*t - 8*t. Give b(t).
4
Let u(p) be the first derivative of p**4/4 + 7*p**3/3 + 4*p**2 - 137. Calculate u(-6).
-12
Let t(d) = -7*d + 6 + 4*d**2 - d**2 - 2*d**2. Let f be ((-7)/(-182)*-4)/(2/(-208)*4). What is t(f)?
-6
Let g(o) = o**2 + 4. Let l(d) = 2*d + 11. Let f(r) = 2*r**2 - 21*r - 18. Let h be f(11). Let b be l(h). Determine g(b).
13
Let y = -9 - -4. Let w(x) be the third derivative of x**5/60 + 5*x**4/24 - x**3/2 - 7*x**2 - 1. Let l be w(y). Let g(q) = -q**2 + 1. What is g(l)?
-8
Let d(n) = -n - 24. Suppose -4*s + 3*v - 91 = 0, -32 + 105 = -2*s + 7*v. What is d(s)?
-5
Let o = -412 + 418. Let m(l) be the third derivative of 0*l - 1/24*l**4 - o*l**2 + 0 + 1/6*l**3 - 7/60*l**5. Give m(1).
-7
Let y(w) = -33 - 11*w + 32 + 5*w. Give y(-3).
17
Suppose 2*t + 29 - 7 = 0. Let n = t + 15. Let a(y) = 6 - 2*y**3 + y**3 + n*y**2 - 7*y - 2 + 4*y. Calculate a(4).
-8
Let q(z) = z**2. Let g = 49 - 47. Calculate q(g).
4
Let o(b) = -7*b - 19. Let y(f) = 5*f + 10. Let j(n) = -2*o(n) - 3*y(n). Calculate j(-6).
14
Let q(b) be the first derivative of 15 + 1/2*b**2 + 1/3*b**3 - 3*b. Determine q(-3).
3
Let c be 4/(-16) - (-26)/(-8)*-1. Let l(m) be the first derivative of -m**2/2 + 4*m + 1. What is l(c)?
1
Let l(j) = j**2 + 8*j + 6. Suppose 2*v = -2*v + 96. Suppose -3*b - 33 = -5*y, 0*b - 4*y + v = -2*b. Determine l(b).
-6
Let p(o) = -o**2 - 4*o + 19. Let n(r) = -34*r - 6. Let z be n(0). What is p(z)?
7
Suppose -3*s = -s. Let m(p) be the second derivative of p**5/20 + p**4/12 - p**2 - 531*p. Determine m(s).
-2
Let s(v) = 6*v**3 + 2 + 48*v**3 - 52*v**3 + 13*v**2 + 7*v. Determine s(-6).
-4
Let v(p) = 15*p - 12. Let l(f) = -7*f + 6. Let t(j) = -13*l(j) - 6*v(j). Give t(8).
2
Let p(g) = -2*g - 1. Let j be p(-4). Let z(w) = -j - 4*w + 2*w + 2*w + 2*w. Let m = 25 + -19. Calculate z(m).
5
Let k(w) = -w**3 - 10*w**2 - 6*w - 1. Let u = -10 + 1. What is k(u)?
-28
Let j(v) = -v - 41*v**3 + 10*v - 2 - 7*v**2 + 42*v**3 - 12. Let q be j(6). Let h(k) = k**2 - 7*k. Give h(q).
-12
Let t(i) = 8*i + 1. Let n(m) = 40*m + 4. Let w(l) = 3*n(l) - 14*t(l). Let g(p) = -p**2 + 3*p. Let d be g(2). What is w(d)?
14
Let h(g) be the first derivative of 3*g**2/2 - 299. Gi